 a multiple of 32?
True
Is 439 a multiple of 13?
False
Is 2315 a multiple of 3?
False
Is 456 a multiple of 12?
True
Is 12 a factor of 31984?
False
Is 9 a factor of 192?
False
Is 23 a factor of 7925?
False
Is 12 a factor of 21036?
True
Is 67 a factor of 78273?
False
Is 76 a factor of 456?
True
Does 11 divide 3431?
False
Does 26 divide 2158?
True
Does 98 divide 2570?
False
Is 2080 a multiple of 16?
True
Is 379 a multiple of 68?
False
Is 1320 a multiple of 8?
True
Does 39 divide 2145?
True
Is 16305 a multiple of 13?
False
Does 18 divide 37206?
True
Is 7637 a multiple of 72?
False
Does 36 divide 697?
False
Is 13239 a multiple of 155?
False
Does 15 divide 568?
False
Is 3162 a multiple of 5?
False
Is 15198 a multiple of 48?
False
Does 8 divide 112?
True
Is 69 a factor of 114?
False
Is 45 a factor of 1305?
True
Does 25 divide 2224?
False
Is 228 a multiple of 75?
False
Is 2247 a multiple of 86?
False
Is 117 a multiple of 13?
True
Is 3548 a multiple of 3?
False
Is 3 a factor of 17728?
False
Is 117 a factor of 38376?
True
Is 436 a multiple of 9?
False
Is 24 a factor of 801?
False
Does 20 divide 5117?
False
Is 135 a factor of 1138?
False
Is 31 a factor of 23653?
True
Is 5661 a multiple of 51?
True
Is 486 a multiple of 27?
True
Is 13 a factor of 11311?
False
Is 1775 a multiple of 25?
True
Is 4 a factor of 8825?
False
Is 18 a factor of 48834?
True
Is 4182 a multiple of 82?
True
Is 996 a multiple of 59?
False
Is 135 a factor of 18900?
True
Does 6 divide 638?
False
Is 136 a factor of 2992?
True
Is 110 a multiple of 30?
False
Is 36850 a multiple of 22?
True
Is 864 a multiple of 6?
True
Does 12 divide 48?
True
Is 71346 a multiple of 34?
False
Is 15 a factor of 1081?
False
Does 67 divide 1718?
False
Does 86 divide 2714?
False
Is 141402 a multiple of 21?
False
Is 42 a multiple of 8?
False
Does 8 divide 808?
True
Is 1092 a multiple of 76?
False
Is 38700 a multiple of 60?
True
Is 20 a factor of 13120?
True
Does 31 divide 17732?
True
Is 18 a factor of 1962?
True
Does 48 divide 783?
False
Does 24 divide 2496?
True
Is 7192 a multiple of 9?
False
Is 40 a factor of 4320?
True
Does 21 divide 317?
False
Does 7 divide 16?
False
Is 19 a factor of 18278?
True
Does 14 divide 2994?
False
Is 26 a factor of 5806?
False
Does 32 divide 1056?
True
Is 21 a factor of 9030?
True
Is 422 a multiple of 23?
False
Is 14 a factor of 8148?
True
Is 42446 a multiple of 69?
False
Does 19 divide 3382?
True
Is 3 a factor of 3840?
True
Does 59 divide 2457?
False
Is 13588 a multiple of 79?
True
Does 98 divide 3528?
True
Does 9 divide 34?
False
Is 85 a factor of 2920?
False
Does 7 divide 252?
True
Is 16 a factor of 188?
False
Is 10 a factor of 15880?
True
Is 1549 a multiple of 13?
False
Does 131 divide 2358?
True
Does 118 divide 19793?
False
Is 7800 a multiple of 75?
True
Does 23 divide 35164?
False
Does 2 divide 1157?
False
Is 58 a factor of 881?
False
Does 19 divide 5476?
False
Is 87 a factor of 1392?
True
Is 23 a factor of 136?
False
Is 381 a multiple of 25?
False
Is 16928 a multiple of 208?
False
Does 76 divide 1672?
True
Does 76 divide 29792?
True
Is 711 a multiple of 25?
False
Is 1570 a multiple of 7?
False
Is 301 a multiple of 6?
False
Is 22 a factor of 3036?
True
Is 15 a factor of 1745?
False
Is 3 a factor of 148?
False
Is 4201 a multiple of 25?
False
Does 30 divide 600?
True
Is 2176 a multiple of 34?
True
Is 21 a factor of 715?
False
Does 5 divide 130?
True
Is 37230 a multiple of 24?
False
Does 13 divide 10620?
False
Is 9 a factor of 128016?
True
Does 48 divide 3384?
False
Is 3833 a multiple of 28?
False
Does 4 divide 80?
True
Is 241 a multiple of 65?
False
Is 40 a factor of 2058?
False
Is 54 a multiple of 3?
True
Is 12 a factor of 26244?
True
Does 177 divide 1372?
False
Does 3 divide 11154?
True
Is 3 a factor of 6697?
False
Does 71 divide 13348?
True
Does 35 divide 385?
True
Is 11267 a multiple of 19?
True
Does 10 divide 3868?
False
Does 21 divide 2296?
False
Does 52 divide 2849?
False
Is 14 a factor of 20529?
False
Does 127 divide 49657?
True
Does 145 divide 153555?
True
Does 84 divide 3425?
False
Is 27 even?
False
Is 11 a factor of 643?
False
Is 20 a factor of 1600?
True
Is 5127 even?
False
Is 519 a multiple of 8?
False
Does 31 divide 430?
False
Is 9 a factor of 6937?
False
Is 192 a multiple of 11?
False
Is 82824 a multiple of 52?
False
Is 37952 a multiple of 48?
False
Is 21614 a multiple of 101?
True
Is 122 a multiple of 11?
False
Is 15860 a multiple of 13?
True
Is 34 a factor of 399?
False
Is 773 a multiple of 8?
False
Is 70 a factor of 310?
False
Is 12 a factor of 2784?
True
Is 28 a factor of 2782?
False
Does 26 divide 182?
True
Is 918 a multiple of 18?
True
Does 13 divide 10985?
True
Does 3 divide 91?
False
Is 9 a factor of 135?
True
Is 43 a factor of 49622?
True
Does 29 divide 6119?
True
Is 12 a factor of 5595?
False
Does 20 divide 406?
False
Does 59 divide 22701?
False
Is 21402 a multiple of 87?
True
Is 9 a factor of 72?
True
Is 15 a factor of 506?
False
Does 12 divide 126432?
True
Is 84276 a multiple of 28?
False
Is 253 a multiple of 84?
False
Is 7982 a multiple of 26?
True
Is 2550 a multiple of 15?
True
Is 110 a factor of 62920?
True
Is 28 a factor of 1689?
False
Does 10 divide 1041?
False
Is 548 a multiple of 19?
False
Is 14052 a multiple of 3?
True
Does 38 divide 9597?
False
Is 15697 a multiple of 67?
False
Is 135 a multiple of 30?
False
Does 20 divide 520?
True
Does 41 divide 45501?
False
Is 9782 a multiple of 146?
True
Is 667 a multiple of 12?
False
Is 168 a factor of 5929?
False
Is 34 a factor of 1088?
True
Is 768 a multiple of 11?
False
Does 20 divide 4820?
True
Does 10 divide 57173?
False
Is 12 a factor of 2376?
True
Is 80 a multiple of 47?
False
Is 1288 a multiple of 2?
True
Is 10 a factor of 1990?
True
Does 27 divide 2703?
False
Is 14 a factor of 13804?
True
Does 13 divide 197?
False
Is 91239 a multiple of 17?
True
Does 58 divide 4659?
False
Is 4611 a multiple of 99?
False
Does 3 divide 16463?
False
Does 93 divide 10695?
True
Does 15 divide 285?
True
Does 16 divide 743?
False
Is 5981 even?
False
Does 15 divide 1725?
True
Is 350 a multiple of 47?
False
Is 1722 a multiple of 6?
True
Is 165 a multiple of 3?
True
Is 2 a factor of 682?
True
Does 67 divide 661?
False
Does 11 divide 256?
False
Is 8 a factor of 2888?
True
Is 21 a factor of 319?
False
Does 2 divide 2726?
True
Is 12 a factor of 22212?
True
Does 93 divide 24180?
True
Is 8399 a multiple of 36?
False
Is 5 a factor of 8710?
True
Is 10644 a multiple of 12?
True
Does 99 divide 13266?
True
Does 91 divide 728?
True
Is 5 a factor of 7?
False
Is 148 a multiple of 6?
False
Does 155 divide 50471?
False
Is 292 a multiple of 3?
False
Is 824 a multiple of 12?
False
Does 34 divide 26962?
True
Is 6354 a multiple of 26?
False
Is 13 a factor of 270?
False
Is 58 a factor of 4719?
False
Does 42 divide 7140?
True
Does 17 divide 5032?
True
Does 17 divide 850?
True
Is 121 a factor of 41460?
False
Is 43 a factor of 5934?
True
Does 68 divide 10404?
True
Does 89 divide 445?
True
Is 5845 a multiple of 90?
False
Is 5355 a multiple of 9?
True
Is 11246 a multiple of 9?
False
Is 17 a factor of 713?
False
Is 919 a multiple of 42?
False
Is 10059 a multiple of 169?
False
Is 59 a factor of 10620?
True
Is 204 a multiple of 3?
True
Does 66 divide 3316?
False
Is 16635 a multiple of 101?
False
Is 515 a multiple of 92?
False
Is 2046 a multiple of 31?
True
Is 5 a factor of 7327?
False
Does 6 divide 7046?
False
Does 3 divide 282?
True
Is 3 a factor of 12248?
False
Is 25 a factor of 1850?
True
Does 12 divide 4765?
False
Does 107 divide 55105?
True
Is 12 a factor of 82128?
True
Is 1808 a multiple of 10?
False
Is 24571 a multiple of 16?
False
Is 2 a factor of 408?
True
Is 302 a multiple of 2?
True
Does 9 divide 1603?
False
Is 34 a factor of 884?
True
Is 7 a factor of 2828?
True
Is 33 a factor of 8651?
False
Does 8 divide 168?
True
Is 882 a multiple of 49?
True
Is 63 a factor of 3150?
True
Is 6 a factor of 180?
True
Does 13 divide 325?
True
Is 10 a factor of 4501?
False
Is 14088 a multiple of 22?
False
Is 124 a factor of 47877?
False
Is 12 a factor of 1284?
True
Does 30 divide 3196?
False
Is 1018 a multiple of 13?
False
Is 1759 a multiple of 30?
False
Is 8816 a multiple of 118?
False
Does 69 divide 6210?
True
Does 17 divide 87721?
False
Is 12 a factor of